 the prime factors of 63743.
63743
What are the prime factors of 2336270?
2, 5, 307, 761
List the prime factors of 450255.
3, 5, 13, 2309
List the prime factors of 2360255.
5, 472051
List the prime factors of 35166.
2, 3, 5861
List the prime factors of 29420733.
3, 9806911
List the prime factors of 308266.
2, 7, 97, 227
List the prime factors of 44922.
2, 3, 7487
List the prime factors of 18647367.
3, 6215789
What are the prime factors of 1925682?
2, 3, 11, 163, 179
List the prime factors of 325814.
2, 162907
List the prime factors of 3880761.
3, 1293587
List the prime factors of 7646100.
2, 3, 5, 7, 11, 331
List the prime factors of 16173.
3, 599
List the prime factors of 1129807.
7, 103, 1567
What are the prime factors of 20181804?
2, 3, 1681817
What are the prime factors of 3977512?
2, 7, 11, 587
List the prime factors of 268241.
313, 857
What are the prime factors of 109415?
5, 79, 277
What are the prime factors of 189607?
11, 1567
List the prime factors of 33857.
33857
What are the prime factors of 49294?
2, 7, 503
What are the prime factors of 613823?
7, 12527
What are the prime factors of 432633?
3, 17, 499
What are the prime factors of 4499808?
2, 3, 19, 2467
What are the prime factors of 1709382?
2, 3, 284897
List the prime factors of 336692.
2, 41, 2053
What are the prime factors of 28479280?
2, 5, 317, 1123
What are the prime factors of 2391971?
47, 50893
What are the prime factors of 774818?
2, 11, 41, 859
What are the prime factors of 150677?
89, 1693
What are the prime factors of 2042102?
2, 71, 73, 197
List the prime factors of 118545.
3, 5, 7, 1129
List the prime factors of 890487.
3, 13, 43, 59
What are the prime factors of 192370?
2, 5, 19237
What are the prime factors of 444395?
5, 7, 12697
List the prime factors of 14686201.
14686201
List the prime factors of 11236178.
2, 5618089
List the prime factors of 345473.
345473
What are the prime factors of 4823?
7, 13, 53
List the prime factors of 96183.
3, 10687
What are the prime factors of 87560?
2, 5, 11, 199
What are the prime factors of 6145669?
23, 267203
List the prime factors of 168844.
2, 13, 17, 191
List the prime factors of 940813.
940813
List the prime factors of 11331106.
2, 19, 298187
What are the prime factors of 11947124?
2, 7, 17, 19, 1321
List the prime factors of 4012877.
11, 601, 607
List the prime factors of 960766.
2, 480383
What are the prime factors of 9217458?
2, 3, 67, 7643
List the prime factors of 808618.
2, 404309
List the prime factors of 23140913.
53, 436621
List the prime factors of 7327.
17, 431
What are the prime factors of 15249412?
2, 139, 27427
List the prime factors of 3968585.
5, 793717
List the prime factors of 5164317.
3, 103, 619
What are the prime factors of 13663208?
2, 13, 79, 1663
List the prime factors of 116946.
2, 3, 73, 89
List the prime factors of 336157.
336157
List the prime factors of 11698627.
409, 28603
What are the prime factors of 624939?
3, 7, 29759
List the prime factors of 1129191.
3, 7, 17, 3163
List the prime factors of 15201424.
2, 7, 135727
List the prime factors of 2329383.
3, 7, 110923
What are the prime factors of 111186?
2, 3, 29, 71
What are the prime factors of 6259058?
2, 13, 240733
List the prime factors of 5051718.
2, 3, 7, 40093
What are the prime factors of 9427020?
2, 3, 5, 59, 2663
What are the prime factors of 116981?
116981
List the prime factors of 481820.
2, 5, 24091
List the prime factors of 829971.
3, 92219
What are the prime factors of 112137?
3, 37379
What are the prime factors of 255237?
3, 149, 571
List the prime factors of 17028443.
17028443
What are the prime factors of 8526601?
8526601
What are the prime factors of 12704?
2, 397
What are the prime factors of 163147?
163147
What are the prime factors of 10882402?
2, 19, 73, 3923
What are the prime factors of 63400?
2, 5, 317
List the prime factors of 353863.
47, 7529
What are the prime factors of 4975933?
83, 59951
What are the prime factors of 2044616?
2, 7, 29, 1259
List the prime factors of 382006.
2, 409, 467
List the prime factors of 3748100.
2, 5, 37, 1013
List the prime factors of 2012370.
2, 3, 5, 67079
List the prime factors of 891502.
2, 67, 6653
What are the prime factors of 758299?
758299
List the prime factors of 90781.
23, 3947
What are the prime factors of 4687766?
2, 2343883
List the prime factors of 154229.
154229
List the prime factors of 2212990.
2, 5, 13, 29, 587
List the prime factors of 505467.
3, 97, 193
What are the prime factors of 1248961?
7, 71, 359
List the prime factors of 744710.
2, 5, 74471
List the prime factors of 873269.
227, 3847
List the prime factors of 3273631.
31, 105601
What are the prime factors of 190974?
2, 3, 7, 4547
List the prime factors of 360280.
2, 5, 9007
What are the prime factors of 3656594?
2, 79, 23143
List the prime factors of 545876.
2, 239, 571
List the prime factors of 287563.
137, 2099
List the prime factors of 320132.
2, 163, 491
List the prime factors of 264976.
2, 16561
What are the prime factors of 477049?
71, 6719
List the prime factors of 131978.
2, 7, 11, 857
List the prime factors of 701257.
701257
List the prime factors of 116539.
116539
List the prime factors of 2731675.
5, 109267
What are the prime factors of 428810?
2, 5, 137, 313
List the prime factors of 10590480.
2, 3, 5, 4903
What are the prime factors of 428627?
71, 6037
What are the prime factors of 2948959?
13, 226843
What are the prime factors of 10538652?
2, 3, 878221
List the prime factors of 3300450.
2, 3, 5, 22003
List the prime factors of 2823155.
5, 269, 2099
List the prime factors of 26456211.
3, 2939579
What are the prime factors of 1724595?
3, 5, 114973
What are the prime factors of 25210?
2, 5, 2521
What are the prime factors of 34403206?
2, 17, 149, 6791
List the prime factors of 6448266.
2, 3, 11, 29, 1123
List the prime factors of 2872171.
23, 151, 827
List the prime factors of 2748733.
13, 211441
List the prime factors of 28287282.
2, 3, 4714547
What are the prime factors of 57904?
2, 7, 11, 47
List the prime factors of 613082.
2, 306541
What are the prime factors of 858951?
3, 29, 1097
List the prime factors of 1944687.
3, 648229
List the prime factors of 57088.
2, 223
What are the prime factors of 498813?
3, 7, 23753
List the prime factors of 24664.
2, 3083
List the prime factors of 588601.
13, 19, 2383
What are the prime factors of 231239?
53, 4363
What are the prime factors of 124673?
124673
List the prime factors of 501512.
2, 11, 41, 139
List the prime factors of 981796.
2, 103, 2383
What are the prime factors of 112363?
112363
What are the prime factors of 7965246?
2, 3, 929, 1429
List the prime factors of 371179.
371179
What are the prime factors of 1123259?
139, 8081
List the prime factors of 279028.
2, 79, 883
What are the prime factors of 119984?
2, 7499
What are the prime factors of 6531?
3, 7, 311
What are the prime factors of 15644769?
3, 7, 106427
List the prime factors of 35668121.
239, 149239
List the prime factors of 3842873.
3842873
What are the prime factors of 802789?
13, 37, 1669
List the prime factors of 48276.
2, 3, 149
What are the prime factors of 132742?
2, 31, 2141
List the prime factors of 6080114.
2, 19, 43, 61
What are the prime factors of 203624?
2, 25453
List the prime factors of 6393313.
103, 62071
List the prime factors of 1079334.
2, 3, 61, 983
List the prime factors of 503548.
2, 125887
What are the prime factors of 430479?
3, 7, 6833
What are the prime factors of 784523?
59, 13297
List the prime factors of 16116912.
2, 3, 7, 59, 271
What are the prime factors of 450147?
3, 181, 829
List the prime factors of 900310.
2, 5, 90031
List the prime factors of 944315.
5, 188863
What are the prime factors of 10359927?
3, 257, 1493
List the prime factors of 2790200.
2, 5, 7, 1993
What are the prime factors of 789894?
2, 3, 7, 6269
List the prime factors of 31578.
2, 3, 19, 277
What are the prime factors of 6256618?
2, 1453, 2153
List the prime factors of 1192383.
3, 19, 367
What are the prime factors of 2435577?
3, 31, 26189
What are the prime factors of 161909?
11, 41, 359
What are the prime factors of 176084?
2, 44021
What are the prime factors of 16045061?
53, 97, 3121
What are the prime factors of 475298?
2, 67, 3547
What are the prime factors of 4134633?
3, 863, 